{"id":15909,"date":"2024-08-12T11:05:06","date_gmt":"2024-08-12T14:05:06","guid":{"rendered":"https:\/\/carimboletterpress.com.br\/loja\/?post_type=product&#038;p=15909"},"modified":"2025-07-24T11:10:17","modified_gmt":"2025-07-24T14:10:17","slug":"guia-para-convites-de-casamento-em-letterpress","status":"publish","type":"product","link":"https:\/\/carimboletterpress.com.br\/loja\/produto\/guia-para-convites-de-casamento-em-letterpress\/","title":{"rendered":"Guia para Convites de Casamento em Letterpress"},"content":{"rendered":"<p>  Nosso guia virtual em formato PDF para download imediato e gratuito.<\/p>\n","protected":false},"excerpt":{"rendered":"<p class=\"card-text\">Baixe gratuitamente o nosso Guia de Convites Letterpress! Ideal para clientes que desejam explorar as op\u00e7\u00f5es de impress\u00e3o personalizada para convites, o guia oferece detalhes sobre processos de impress\u00e3o, sele\u00e7\u00e3o de pap\u00e9is, acabamentos exclusivos e op\u00e7\u00f5es de fechamento. [&#8230;]<\/p>\n<p class=\"m-0\"><a class=\"btn btn-outline-secondary btn-read-more\" href=\"https:\/\/carimboletterpress.com.br\/loja\/produto\/guia-para-convites-de-casamento-em-letterpress\/\">Read More<\/a><\/p>\n","protected":false},"featured_media":15930,"template":"","meta":[],"product_brand":[],"product_cat":[32],"product_tag":[],"class_list":{"0":"post-15909","1":"product","2":"type-product","3":"status-publish","4":"has-post-thumbnail","6":"product_cat-guia","8":"first","9":"instock","10":"sale","11":"downloadable","12":"virtual","13":"sold-individually","14":"purchasable","15":"product-type-simple"},"_links":{"self":[{"href":"https:\/\/carimboletterpress.com.br\/loja\/wp-json\/wp\/v2\/product\/15909","targetHints":{"allow":["GET"]}}],"collection":[{"href":"https:\/\/carimboletterpress.com.br\/loja\/wp-json\/wp\/v2\/product"}],"about":[{"href":"https:\/\/carimboletterpress.com.br\/loja\/wp-json\/wp\/v2\/types\/product"}],"wp:featuredmedia":[{"embeddable":true,"href":"https:\/\/carimboletterpress.com.br\/loja\/wp-json\/wp\/v2\/media\/15930"}],"wp:attachment":[{"href":"https:\/\/carimboletterpress.com.br\/loja\/wp-json\/wp\/v2\/media?parent=15909"}],"wp:term":[{"taxonomy":"product_brand","embeddable":true,"href":"https:\/\/carimboletterpress.com.br\/loja\/wp-json\/wp\/v2\/product_brand?post=15909"},{"taxonomy":"product_cat","embeddable":true,"href":"https:\/\/carimboletterpress.com.br\/loja\/wp-json\/wp\/v2\/product_cat?post=15909"},{"taxonomy":"product_tag","embeddable":true,"href":"https:\/\/carimboletterpress.com.br\/loja\/wp-json\/wp\/v2\/product_tag?post=15909"}],"curies":[{"name":"wp","href":"https:\/\/api.w.org\/{rel}","templated":true}]}}