{"id":752,"date":"2019-01-28T18:55:42","date_gmt":"2019-01-28T20:55:42","guid":{"rendered":"https:\/\/carimboletterpress.com.br\/loja\/?post_type=product&#038;p=752"},"modified":"2019-02-01T17:26:18","modified_gmt":"2019-02-01T19:26:18","slug":"viajar-e-preciso","status":"publish","type":"product","link":"https:\/\/carimboletterpress.com.br\/loja\/produto\/viajar-e-preciso\/","title":{"rendered":"Viajar \u00e9 preciso"},"content":{"rendered":"<p>&nbsp;<\/p>\n<p>Formato: 28 x 37,5 cm<br \/>\nPapel: P\u00e1gina de atlas geogr\u00e1fico reutilizada<\/p>\n","protected":false},"excerpt":{"rendered":"<p class=\"card-text\">Uma livre tradu\u00e7\u00e3o de Wanderlust com uma pitada de Cam\u00f5es. Para quem est\u00e1 com a cabe\u00e7a em outras terras mesmo quando est\u00e1 em casa.<\/p>\n<p>Impress\u00e3o em letterpress com tipos m\u00f3veis de madeira em p\u00e1gina de atlas antigo [&#8230;]<\/p>\n<p class=\"m-0\"><a class=\"btn btn-outline-secondary btn-read-more\" href=\"https:\/\/carimboletterpress.com.br\/loja\/produto\/viajar-e-preciso\/\">Read More<\/a><\/p>\n","protected":false},"featured_media":748,"template":"","meta":[],"product_brand":[],"product_cat":[16],"product_tag":[],"class_list":{"0":"post-752","1":"product","2":"type-product","3":"status-publish","4":"has-post-thumbnail","6":"product_cat-cartazes","8":"first","9":"instock","10":"shipping-taxable","11":"purchasable","12":"product-type-simple"},"_links":{"self":[{"href":"https:\/\/carimboletterpress.com.br\/loja\/wp-json\/wp\/v2\/product\/752","targetHints":{"allow":["GET"]}}],"collection":[{"href":"https:\/\/carimboletterpress.com.br\/loja\/wp-json\/wp\/v2\/product"}],"about":[{"href":"https:\/\/carimboletterpress.com.br\/loja\/wp-json\/wp\/v2\/types\/product"}],"wp:featuredmedia":[{"embeddable":true,"href":"https:\/\/carimboletterpress.com.br\/loja\/wp-json\/wp\/v2\/media\/748"}],"wp:attachment":[{"href":"https:\/\/carimboletterpress.com.br\/loja\/wp-json\/wp\/v2\/media?parent=752"}],"wp:term":[{"taxonomy":"product_brand","embeddable":true,"href":"https:\/\/carimboletterpress.com.br\/loja\/wp-json\/wp\/v2\/product_brand?post=752"},{"taxonomy":"product_cat","embeddable":true,"href":"https:\/\/carimboletterpress.com.br\/loja\/wp-json\/wp\/v2\/product_cat?post=752"},{"taxonomy":"product_tag","embeddable":true,"href":"https:\/\/carimboletterpress.com.br\/loja\/wp-json\/wp\/v2\/product_tag?post=752"}],"curies":[{"name":"wp","href":"https:\/\/api.w.org\/{rel}","templated":true}]}}