{"id":754,"date":"2019-01-28T19:01:41","date_gmt":"2019-01-28T21:01:41","guid":{"rendered":"https:\/\/carimboletterpress.com.br\/loja\/?post_type=product&#038;p=754"},"modified":"2019-01-28T19:01:41","modified_gmt":"2019-01-28T21:01:41","slug":"o-que-importa-e-ter-cafe","status":"publish","type":"product","link":"https:\/\/carimboletterpress.com.br\/loja\/produto\/o-que-importa-e-ter-cafe\/","title":{"rendered":"O que importa \u00e9 ter caf\u00e9"},"content":{"rendered":"<p>&nbsp;<\/p>\n<p>Formato: 23,2 x 25 cm<br \/>\nPapel: Off white 130 g\/m\u00b2<br \/>\nAssinatura do est\u00fadio em baixo relevo sem tinta<\/p>\n","protected":false},"excerpt":{"rendered":"<p class=\"card-text\">O que importa \u00e9 ter f\u00e9\u2026 o que importa \u00e9 ter sa\u00fade\u2026 Que adianta ter tudo isso sem caf\u00e9!? =)<\/p>\n<p>Impress\u00e3o em letterpress com tipos m\u00f3veis de madeira utilizando tinta feita com p\u00f3 de caf\u00e9 + mancha feita com caf\u00e9 (de coador) [&#8230;]<\/p>\n<p class=\"m-0\"><a class=\"btn btn-outline-secondary btn-read-more\" href=\"https:\/\/carimboletterpress.com.br\/loja\/produto\/o-que-importa-e-ter-cafe\/\">Read More<\/a><\/p>\n","protected":false},"featured_media":742,"template":"","meta":[],"product_brand":[],"product_cat":[16],"product_tag":[],"class_list":{"0":"post-754","1":"product","2":"type-product","3":"status-publish","4":"has-post-thumbnail","6":"product_cat-cartazes","8":"first","9":"instock","10":"shipping-taxable","11":"purchasable","12":"product-type-simple"},"_links":{"self":[{"href":"https:\/\/carimboletterpress.com.br\/loja\/wp-json\/wp\/v2\/product\/754","targetHints":{"allow":["GET"]}}],"collection":[{"href":"https:\/\/carimboletterpress.com.br\/loja\/wp-json\/wp\/v2\/product"}],"about":[{"href":"https:\/\/carimboletterpress.com.br\/loja\/wp-json\/wp\/v2\/types\/product"}],"wp:featuredmedia":[{"embeddable":true,"href":"https:\/\/carimboletterpress.com.br\/loja\/wp-json\/wp\/v2\/media\/742"}],"wp:attachment":[{"href":"https:\/\/carimboletterpress.com.br\/loja\/wp-json\/wp\/v2\/media?parent=754"}],"wp:term":[{"taxonomy":"product_brand","embeddable":true,"href":"https:\/\/carimboletterpress.com.br\/loja\/wp-json\/wp\/v2\/product_brand?post=754"},{"taxonomy":"product_cat","embeddable":true,"href":"https:\/\/carimboletterpress.com.br\/loja\/wp-json\/wp\/v2\/product_cat?post=754"},{"taxonomy":"product_tag","embeddable":true,"href":"https:\/\/carimboletterpress.com.br\/loja\/wp-json\/wp\/v2\/product_tag?post=754"}],"curies":[{"name":"wp","href":"https:\/\/api.w.org\/{rel}","templated":true}]}}