{"id":787,"date":"2019-02-01T16:26:20","date_gmt":"2019-02-01T18:26:20","guid":{"rendered":"https:\/\/carimboletterpress.com.br\/loja\/?post_type=product&#038;p=787"},"modified":"2019-02-01T17:24:45","modified_gmt":"2019-02-01T19:24:45","slug":"mapa-pequeno","status":"publish","type":"product","link":"https:\/\/carimboletterpress.com.br\/loja\/produto\/mapa-pequeno\/","title":{"rendered":"Mapa Pequeno"},"content":{"rendered":"<p>&nbsp;<\/p>\n<p>Impress\u00e3o em letterpress com clich\u00ea.<\/p>\n<p>Formato fechado: 10 x 13,5 cm (aberto: 20 x 13,5 cm)<br \/>\nCapa p\u00e1ginas de atlas (mapa + \u00edndice) e miolo off-white \u2013 Encaderna\u00e7\u00e3o costurada \u2013 64 p\u00e1ginas<\/p>\n","protected":false},"excerpt":{"rendered":"<p class=\"card-text\">Caderno de anota\u00e7\u00f5es, recuerdos de viagem e o que mais voc\u00ea quiser. [&#8230;]<\/p>\n<p class=\"m-0\"><a class=\"btn btn-outline-secondary btn-read-more\" href=\"https:\/\/carimboletterpress.com.br\/loja\/produto\/mapa-pequeno\/\">Read More<\/a><\/p>\n","protected":false},"featured_media":734,"template":"","meta":[],"product_brand":[],"product_cat":[19],"product_tag":[],"class_list":{"0":"post-787","1":"product","2":"type-product","3":"status-publish","4":"has-post-thumbnail","6":"product_cat-caderninhos","8":"first","9":"instock","10":"shipping-taxable","11":"purchasable","12":"product-type-simple"},"_links":{"self":[{"href":"https:\/\/carimboletterpress.com.br\/loja\/wp-json\/wp\/v2\/product\/787","targetHints":{"allow":["GET"]}}],"collection":[{"href":"https:\/\/carimboletterpress.com.br\/loja\/wp-json\/wp\/v2\/product"}],"about":[{"href":"https:\/\/carimboletterpress.com.br\/loja\/wp-json\/wp\/v2\/types\/product"}],"wp:featuredmedia":[{"embeddable":true,"href":"https:\/\/carimboletterpress.com.br\/loja\/wp-json\/wp\/v2\/media\/734"}],"wp:attachment":[{"href":"https:\/\/carimboletterpress.com.br\/loja\/wp-json\/wp\/v2\/media?parent=787"}],"wp:term":[{"taxonomy":"product_brand","embeddable":true,"href":"https:\/\/carimboletterpress.com.br\/loja\/wp-json\/wp\/v2\/product_brand?post=787"},{"taxonomy":"product_cat","embeddable":true,"href":"https:\/\/carimboletterpress.com.br\/loja\/wp-json\/wp\/v2\/product_cat?post=787"},{"taxonomy":"product_tag","embeddable":true,"href":"https:\/\/carimboletterpress.com.br\/loja\/wp-json\/wp\/v2\/product_tag?post=787"}],"curies":[{"name":"wp","href":"https:\/\/api.w.org\/{rel}","templated":true}]}}